Convert -1221001 (base 3) to base 14.
-725
What is 10227 (base 10) in base 15?
306c
-3aea (base 16) to base 8
-35352
What is 112201 (base 6) in base 12?
5661
Convert -202 (base 11) to base 12.
-184
Convert 1597 (base 15) to base 13.
2161
What is -11257 (base 10) in base 2?
-10101111111001
Convert -9123 (base 11) to base 4.
-2331131
-100110110010 (base 2) to base 11
-1957
Convert 79c9 (base 15) to base 9.
38400
46a (base 13) to base 2
1011111100
844 (base 12) to base 15
554
Convert 77 (base 13) to base 11.
8a
Convert -130e (base 15) to base 10.
-4064
1905 (base 11) to base 8
4571
Convert -1431 (base 8) to base 7.
-2212
What is -8a61 (base 16) in base 11?
-24685
a98 (base 12) to base 10
1556
55b (base 12) to base 16
317
Convert -5cb (base 14) to base 2.
-10010000111
448 (base 16) to base 14
584
What is 16553 (base 7) in base 13?
220a
What is 23263 (base 8) in base 10?
9907
What is 16464 (base 8) in base 2?
1110100110100
10517 (base 9) to base 12
405a
What is -238e (base 16) in base 5?
-242402
-a1aa (base 12) to base 6
-213134
Convert 2a43 (base 12) to base 10.
4947
Convert 2462 (base 13) to base 15.
17d5
What is -84a0 (base 11) in base 8?
-25752
-21425 (base 6) to base 5
-43334
12302 (base 4) to base 2
110110010
-2a5 (base 12) to base 6
-1525
24436 (base 9) to base 7
65541
Convert 1111022 (base 3) to base 10.
1088
What is 1121002 (base 3) in base 8?
2213
2102002 (base 3) to base 12
1025
What is 6402 (base 8) in base 13?
1692
Convert 4d (base 15) to base 5.
243
What is -71821 (base 9) in base 14?
-13363
What is 10101111111011111 (base 2) in base 4?
111333133
-6eb (base 16) to base 10
-1771
What is 7074 (base 14) in base 9?
28435
2012 (base 4) to base 6
342
Convert 11451 (base 10) to base 2.
10110010111011
What is -145 (base 15) in base 13?
-194
What is 292 (base 14) in base 5?
4040
What is 123334 (base 5) in base 7?
20060
Convert 1419 (base 10) to base 16.
58b
Convert -136334 (base 7) to base 13.
-bc36
-423 (base 12) to base 2
-1001011011
7b2 (base 14) to base 12
a74
-2376 (base 11) to base 14
-11c0
What is 5588 (base 15) in base 4?
10123100
368 (base 13) to base 14
305
Convert 5ed6 (base 15) to base 7.
112653
6a8 (base 16) to base 14
89a
305406 (base 7) to base 12
26356
What is -45a0 (base 15) in base 8?
-34667
Convert 283 (base 14) to base 7.
1323
Convert 2535 (base 6) to base 2.
1001111011
Convert -78543 (base 10) to base 14.
-208a3
What is -122012 (base 3) in base 10?
-464
Convert -b865 (base 13) to base 15.
-78bc
1111121 (base 3) to base 7
3124
17284 (base 10) to base 9
25634
Convert 16b (base 14) to base 12.
203
What is -fed8 (base 16) in base 8?
-177330
What is -15264 (base 13) in base 7?
-224343
Convert -314b (base 14) to base 10.
-8495
-7b (base 13) to base 2
-1100110
Convert 196 (base 15) to base 7.
1032
-a5b (base 12) to base 7
-4256
What is -729 (base 10) in base 7?
-2061
Convert 1167 (base 8) to base 5.
10011
Convert -818 (base 11) to base 10.
-987
-302 (base 8) to base 15
-ce
What is 163 (base 16) in base 10?
355
Convert -2aa2 (base 12) to base 8.
-11632
Convert 10101013 (base 4) to base 16.
4447
Convert 720 (base 8) to base 7.
1232
What is -414 (base 14) in base 3?
-1002201
What is 12163 (base 7) in base 5?
100211
Convert -154 (base 6) to base 12.
-5a
21210 (base 5) to base 13
860
219 (base 10) to base 8
333
What is 10872 (base 9) in base 6?
53402
Convert 24046 (base 8) to base 5.
312103
What is -1001101000101 (base 2) in base 6?
-34501
-11100010 (base 2) to base 7
-442
Convert -11111021 (base 3) to base 9.
-4437
What is 69c (base 16) in base 9?
2280
What is a325 (base 12) in base 10?
17741
-601 (base 11) to base 15
-337
What is 233022 (base 4) in base 2?
101111001010
What is 6142 (base 14) in base 9?
24835
What is -336 (base 10) in base 7?
-660
What is -1211101 (base 3) in base 14?
-6b3
Convert 7777 (base 11) to base 6.
115240
200313 (base 4) to base 14
aa3
What is -261 (base 7) in base 10?
-141
What is -4143 (base 5) in base 10?
-548
Convert -1a31 (base 11) to base 13.
-1231
-32627 (base 8) to base 3
-200211010
Convert -20504 (base 7) to base 9.
-6832
What is -58 (base 13) in base 7?
-133
Convert -371 (base 9) to base 10.
-307
-206606 (base 7) to base 14
-d176
-2210100 (base 3) to base 14
-a54
e88 (base 15) to base 7
12362
-1653 (base 7) to base 12
-483
What is 1001011110 (base 2) in base 6?
2450
What is 5765 (base 14) in base 2?
11101101001101
What is 12112012 (base 3) in base 10?
4028
-152 (base 13) to base 6
-1032
What is 1104 (base 8) in base 5?
4310
What is 425 (base 14) in base 11?
683
What is -366 (base 12) in base 4?
-13332
Convert -15897 (base 10) to base 3.
-210210210
1ab1b (base 13) to base 7
305545
What is -1011100001 (base 3) in base 11?
-16187
Convert -5ea (base 15) to base 8.
-2501
22015 (base 6) to base 14
116b
What is -1e33 (base 16) in base 15?
-2456
What is 5512 (base 9) in base 8?
7735
1434 (base 5) to base 10
244
-262 (base 13) to base 2
-110100010
-179 (base 14) to base 12
-213
Convert -11120 (base 3) to base 7.
-234
What is 131031 (base 4) in base 6?
12353
What is -1000212 (base 4) in base 7?
-15024
What is -222020 (base 4) in base 2?
-101010001000
What is 6240 (base 12) in base 5?
320304
-22f (base 16) to base 11
-469
Convert 6900 (base 16) to base 3.
1100212120
-2123000 (base 4) to base 2
-10011011000000
Convert 3400 (base 5) to base 10.
475
What is 14699 (base 10) in base 8?
34553
Convert -12459 (base 16) to base 13.
-280b0
Convert 862 (base 9) to base 7.
2024
What is -11565 (base 8) in base 4?
-1031311
What is 31322 (base 4) in base 10?
890
Convert 10025 (base 6) to base 8.
2441
Convert 338 (base 11) to base 13.
251
Convert -426 (base 11) to base 12.
-368
-761 (base 10) to base 14
-3c5
-608 (base 14) to base 16
-4a0
Convert -24424 (base 6) to base 16.
-e20
-203013 (base 4) to base 2
-100011000111
What is 276 (base 11) in base 4?
11011
What is -1010000110101 (base 2) in base 11?
-3983
-14255 (base 6) to base 10
-2267
Convert -1230 (base 12) to base 8.
-4004
Convert 14162 (base 7) to base 9.
5265
Convert 1121121 (base 3) to base 13.
6c7
Convert -121101102 (base 3) to base 4.
-2322221
What is 212000011 (base 3) in base 13?
7831
What is 200340 (base 5) in base 15?
1d30
What is 231d (base 16) in base 11?
6832
Convert 110211 (base 3) to base 8.
532
What is -102223 (base 4) in base 16?
-4ab
-49c (base 13) to base 9
-1084
2011 (base 4) to base 16
85
What is -1a74 (base 11) in base 15?
-b9c
-11a (base 15) to base 10
-250
Convert 55b (base 14) to base 11.
885
-312200 (base 7) to base 15
-10d3b
What is -699 (base 12) in base 11?
-812
4241 (base 8) to base 9
3024
-342d (base 14) to base 9
-13373
What is 10011001010101000 (base 2) in base 15?
183d9
Convert 200311 (base 4) to base 12.
1271
Convert -1d8d (base 14) to base 5.
-133132
-631 (base 9) to base 11
-428
102103 (base 4) to base 10
1171
What is 223425 (base 6) in base 11?
13270
3d90 (base 15) to base 4
3032001
What is -10100 (base 2) in base 4?
-110
Convert 2635 (base 11) to base 12.
1b96
Convert 9160 (base 10) to base 14.
34a4
Convert -133425 (base 6) to base 2.
-11000010111001
What is -2118 (base 11) in base 16?
-af2
What is -56077 (base 8) in base 14?
-886b
2706 (base 15) to base 11
6294
What is -12b1 (base 12) in base 10?
-2149
What is 620 (base 8) in base 4?
12100
Convert -28384 (base 9) to base 11.
-13531
Convert 757 (base 13) to base 11.
a41
What is -5769 (base 10) in base 14?
-2161
Convert 2220221 (base 3) to base 14.
ac3
2841 (base 11) to base 8
7133
-32020 (base 7) to base 12
-46a7
What is -213221 (base 5) in base 14?
-2943
What is -230024 (base 5) in base 7?
-32505
4624 (base 12) to base 15
24a4
Convert -5317 (base 10) to base 7.
-21334
481c (base 13) to base 10
10165
-623 (base 14) to base 16
-4b7
What is -244 (base 14) in base 5?
-3302
What is -110111011 (base 2) in base 12?
-30b
What is -1112002222 (base 3) in base 10?
-29969
-50143 (base 8) to base 13
-94a0
What is -11025 (base 6) in base 9?
-2078
What is -a91 (base 14) in base 15?
-942
What is 1100021 (base 3) in base 5?
12404
Convert -b05 (base 13) to base 15.
-844
Convert 663 (base 16) to base 12.
b43
13412 (base 9) to base 8
21573
206024 (base 7) to base 10
35690
-4511 (base 6) to base 2
-10000011011
What is 20be (base 15) in base 13?
3200
Convert -11001 (base 3) to base 9.
-131
What is 